{"id":147,"date":"2023-09-20T17:17:20","date_gmt":"2023-09-20T15:17:20","guid":{"rendered":"http:\/\/www.geyer-genealogie.fr\/?page_id=147"},"modified":"2023-10-10T10:37:42","modified_gmt":"2023-10-10T08:37:42","slug":"realiser-une-cartographie-genealogique","status":"publish","type":"page","link":"https:\/\/www.geyer-genealogie.fr\/index.php\/realiser-une-cartographie-genealogique\/","title":{"rendered":"R\u00e9aliser une cartographie g\u00e9n\u00e9alogique"},"content":{"rendered":"\n<p>Une carte peut \u00e9clairer sous un angle nouveau une g\u00e9n\u00e9alogie ou une histoire familiale. Par exemple, une carte permet de montrer graphiquement la position des villages dans lesquels ont v\u00e9cu vos anc\u00eatres, mettant ainsi en \u00e9vidence les distances qui les s\u00e9paraient.<br>La carte ci-dessous indique la zone g\u00e9ographique dans laquelle se situent les villages d\u2019origine des anc\u00eatres d\u2019un \u00e9migrant parti s\u2019installer aux \u00c9tats-Unis en 1838.<\/p>\n\n\n\n<div class=\"wp-block-media-text is-stacked-on-mobile\"><figure class=\"wp-block-media-text__media\"><img loading=\"lazy\" decoding=\"async\" width=\"711\" height=\"735\" src=\"https:\/\/www.geyer-genealogie.fr\/wp-content\/uploads\/2023\/09\/exemple-carte-LOHR-shadow-3.png\" alt=\"\" class=\"wp-image-156 size-full\" srcset=\"https:\/\/www.geyer-genealogie.fr\/wp-content\/uploads\/2023\/09\/exemple-carte-LOHR-shadow-3.png 711w, https:\/\/www.geyer-genealogie.fr\/wp-content\/uploads\/2023\/09\/exemple-carte-LOHR-shadow-3-290x300.png 290w\" sizes=\"auto, (max-width: 711px) 100vw, 711px\" \/><\/figure><div class=\"wp-block-media-text__content\">\n<figure class=\"wp-block-table\"><table class=\"has-fixed-layout\"><thead><tr><th class=\"has-text-align-center\" data-align=\"center\">Balise<\/th><th class=\"has-text-align-center\" data-align=\"center\">Village<\/th><\/tr><\/thead><tbody><tr><td class=\"has-text-align-center\" data-align=\"center\">bleue<\/td><td class=\"has-text-align-center\" data-align=\"center\">Alteckendorf<\/td><\/tr><tr><td class=\"has-text-align-center\" data-align=\"center\">jaune<\/td><td class=\"has-text-align-center\" data-align=\"center\">Geiswiller<\/td><\/tr><tr><td class=\"has-text-align-center\" data-align=\"center\">rouge<\/td><td class=\"has-text-align-center\" data-align=\"center\">Gottesheim<\/td><\/tr><tr><td class=\"has-text-align-center\" data-align=\"center\">rose<\/td><td class=\"has-text-align-center\" data-align=\"center\">Griesbach-Le-Bastberg<\/td><\/tr><tr><td class=\"has-text-align-center\" data-align=\"center\">orange<\/td><td class=\"has-text-align-center\" data-align=\"center\">Kirrwiller<\/td><\/tr><tr><td class=\"has-text-align-center\" data-align=\"center\">grise<\/td><td class=\"has-text-align-center\" data-align=\"center\">Neuwiller-l\u00e8s-Saverne<\/td><\/tr><tr><td class=\"has-text-align-center\" data-align=\"center\">verte<\/td><td class=\"has-text-align-center\" data-align=\"center\">Printzheim<\/td><\/tr><tr><td class=\"has-text-align-center\" data-align=\"center\">noire<\/td><td class=\"has-text-align-center\" data-align=\"center\">Waltenheim-Sur-Zorn<\/td><\/tr><\/tbody><\/table><\/figure>\n<\/div><\/div>\n\n\n\n<p><strong>Vous avez une id\u00e9e ou un besoin de cartographie pour mettre en valeur votre g\u00e9n\u00e9alogie ou l\u2019histoire de votre famille&nbsp;? Alors contactez moi pour l\u2019\u00e9tudier ensemble.<\/strong><\/p>\n\n\n\n<p><\/p>\n\n\n\n<div class=\"wp-block-kenta-blocks-buttons kb-buttons kb-buttons-4fdbe1e3\">\n<div class=\"kb-button-wrapper kb-button-wrapper-0746daeb\"><a class=\"wp-block-kenta-blocks-button kb-button kb-button-0746daeb kb-button-left\" href=\"https:\/\/www.geyer-genealogie.fr\/index.php\/contact\/\"><span>Me contacter<\/span><\/a><\/div>\n<\/div>\n","protected":false},"excerpt":{"rendered":"<p>Une carte peut \u00e9clairer sous un angle nouveau une g\u00e9n\u00e9alogie ou une histoire familiale. Par exemple, une carte permet de montrer graphiquement la position des villages dans lesquels ont v\u00e9cu vos anc\u00eatres, mettant ainsi en \u00e9vidence les distances qui les s\u00e9paraient.La carte ci-dessous indique la zone g\u00e9ographique dans laquelle se situent les villages d\u2019origine des [&hellip;]<\/p>\n","protected":false},"author":1,"featured_media":0,"parent":0,"menu_order":0,"comment_status":"closed","ping_status":"closed","template":"","meta":{"site-container-style":"default","site-container-layout":"default","site-sidebar-layout":"default","site-transparent-header":"default","disable-article-header":"default","disable-site-header":"default","disable-site-footer":"default","disable-content-area-spacing":"default","footnotes":""},"class_list":["post-147","page","type-page","status-publish","hentry"],"yoast_head":"<!-- This site is optimized with the Yoast SEO plugin v22.0 - https:\/\/yoast.com\/wordpress\/plugins\/seo\/ -->\n<title>R\u00e9aliser une cartographie g\u00e9n\u00e9alogique - Geyer G\u00e9n\u00e9alogie<\/title>\n<meta name=\"robots\" content=\"index, follow, max-snippet:-1, max-image-preview:large, max-video-preview:-1\" \/>\n<link rel=\"canonical\" href=\"https:\/\/www.geyer-genealogie.fr\/index.php\/realiser-une-cartographie-genealogique\/\" \/>\n<meta property=\"og:locale\" content=\"fr_FR\" \/>\n<meta property=\"og:type\" content=\"article\" \/>\n<meta property=\"og:title\" content=\"R\u00e9aliser une cartographie g\u00e9n\u00e9alogique - Geyer G\u00e9n\u00e9alogie\" \/>\n<meta property=\"og:description\" content=\"Une carte peut \u00e9clairer sous un angle nouveau une g\u00e9n\u00e9alogie ou une histoire familiale. Par exemple, une carte permet de montrer graphiquement la position des villages dans lesquels ont v\u00e9cu vos anc\u00eatres, mettant ainsi en \u00e9vidence les distances qui les s\u00e9paraient.La carte ci-dessous indique la zone g\u00e9ographique dans laquelle se situent les villages d\u2019origine des [&hellip;]\" \/>\n<meta property=\"og:url\" content=\"https:\/\/www.geyer-genealogie.fr\/index.php\/realiser-une-cartographie-genealogique\/\" \/>\n<meta property=\"og:site_name\" content=\"Geyer G\u00e9n\u00e9alogie\" \/>\n<meta property=\"article:publisher\" content=\"https:\/\/www.facebook.com\/profile.php?id=100093335324063\" \/>\n<meta property=\"article:modified_time\" content=\"2023-10-10T08:37:42+00:00\" \/>\n<meta property=\"og:image\" content=\"http:\/\/www.geyer-genealogie.fr\/wp-content\/uploads\/2023\/09\/exemple-carte-LOHR-shadow-3.png\" \/>\n<meta name=\"twitter:card\" content=\"summary_large_image\" \/>\n<meta name=\"twitter:label1\" content=\"Dur\u00e9e de lecture estim\u00e9e\" \/>\n\t<meta name=\"twitter:data1\" content=\"1 minute\" \/>\n<script type=\"application\/ld+json\" class=\"yoast-schema-graph\">{\"@context\":\"https:\/\/schema.org\",\"@graph\":[{\"@type\":\"WebPage\",\"@id\":\"https:\/\/www.geyer-genealogie.fr\/index.php\/realiser-une-cartographie-genealogique\/\",\"url\":\"https:\/\/www.geyer-genealogie.fr\/index.php\/realiser-une-cartographie-genealogique\/\",\"name\":\"R\u00e9aliser une cartographie g\u00e9n\u00e9alogique - Geyer G\u00e9n\u00e9alogie\",\"isPartOf\":{\"@id\":\"https:\/\/www.geyer-genealogie.fr\/#website\"},\"datePublished\":\"2023-09-20T15:17:20+00:00\",\"dateModified\":\"2023-10-10T08:37:42+00:00\",\"breadcrumb\":{\"@id\":\"https:\/\/www.geyer-genealogie.fr\/index.php\/realiser-une-cartographie-genealogique\/#breadcrumb\"},\"inLanguage\":\"fr-FR\",\"potentialAction\":[{\"@type\":\"ReadAction\",\"target\":[\"https:\/\/www.geyer-genealogie.fr\/index.php\/realiser-une-cartographie-genealogique\/\"]}]},{\"@type\":\"BreadcrumbList\",\"@id\":\"https:\/\/www.geyer-genealogie.fr\/index.php\/realiser-une-cartographie-genealogique\/#breadcrumb\",\"itemListElement\":[{\"@type\":\"ListItem\",\"position\":1,\"name\":\"Accueil\",\"item\":\"https:\/\/www.geyer-genealogie.fr\/\"},{\"@type\":\"ListItem\",\"position\":2,\"name\":\"R\u00e9aliser une cartographie g\u00e9n\u00e9alogique\"}]},{\"@type\":\"WebSite\",\"@id\":\"https:\/\/www.geyer-genealogie.fr\/#website\",\"url\":\"https:\/\/www.geyer-genealogie.fr\/\",\"name\":\"Geyer G\u00e9n\u00e9alogie\",\"description\":\"G\u00e9n\u00e9alogie en Alsace-Lorraine et en France\",\"potentialAction\":[{\"@type\":\"SearchAction\",\"target\":{\"@type\":\"EntryPoint\",\"urlTemplate\":\"https:\/\/www.geyer-genealogie.fr\/?s={search_term_string}\"},\"query-input\":\"required name=search_term_string\"}],\"inLanguage\":\"fr-FR\"}]}<\/script>\n<!-- \/ Yoast SEO plugin. -->","yoast_head_json":{"title":"R\u00e9aliser une cartographie g\u00e9n\u00e9alogique - Geyer G\u00e9n\u00e9alogie","robots":{"index":"index","follow":"follow","max-snippet":"max-snippet:-1","max-image-preview":"max-image-preview:large","max-video-preview":"max-video-preview:-1"},"canonical":"https:\/\/www.geyer-genealogie.fr\/index.php\/realiser-une-cartographie-genealogique\/","og_locale":"fr_FR","og_type":"article","og_title":"R\u00e9aliser une cartographie g\u00e9n\u00e9alogique - Geyer G\u00e9n\u00e9alogie","og_description":"Une carte peut \u00e9clairer sous un angle nouveau une g\u00e9n\u00e9alogie ou une histoire familiale. Par exemple, une carte permet de montrer graphiquement la position des villages dans lesquels ont v\u00e9cu vos anc\u00eatres, mettant ainsi en \u00e9vidence les distances qui les s\u00e9paraient.La carte ci-dessous indique la zone g\u00e9ographique dans laquelle se situent les villages d\u2019origine des [&hellip;]","og_url":"https:\/\/www.geyer-genealogie.fr\/index.php\/realiser-une-cartographie-genealogique\/","og_site_name":"Geyer G\u00e9n\u00e9alogie","article_publisher":"https:\/\/www.facebook.com\/profile.php?id=100093335324063","article_modified_time":"2023-10-10T08:37:42+00:00","og_image":[{"url":"http:\/\/www.geyer-genealogie.fr\/wp-content\/uploads\/2023\/09\/exemple-carte-LOHR-shadow-3.png"}],"twitter_card":"summary_large_image","twitter_misc":{"Dur\u00e9e de lecture estim\u00e9e":"1 minute"},"schema":{"@context":"https:\/\/schema.org","@graph":[{"@type":"WebPage","@id":"https:\/\/www.geyer-genealogie.fr\/index.php\/realiser-une-cartographie-genealogique\/","url":"https:\/\/www.geyer-genealogie.fr\/index.php\/realiser-une-cartographie-genealogique\/","name":"R\u00e9aliser une cartographie g\u00e9n\u00e9alogique - Geyer G\u00e9n\u00e9alogie","isPartOf":{"@id":"https:\/\/www.geyer-genealogie.fr\/#website"},"datePublished":"2023-09-20T15:17:20+00:00","dateModified":"2023-10-10T08:37:42+00:00","breadcrumb":{"@id":"https:\/\/www.geyer-genealogie.fr\/index.php\/realiser-une-cartographie-genealogique\/#breadcrumb"},"inLanguage":"fr-FR","potentialAction":[{"@type":"ReadAction","target":["https:\/\/www.geyer-genealogie.fr\/index.php\/realiser-une-cartographie-genealogique\/"]}]},{"@type":"BreadcrumbList","@id":"https:\/\/www.geyer-genealogie.fr\/index.php\/realiser-une-cartographie-genealogique\/#breadcrumb","itemListElement":[{"@type":"ListItem","position":1,"name":"Accueil","item":"https:\/\/www.geyer-genealogie.fr\/"},{"@type":"ListItem","position":2,"name":"R\u00e9aliser une cartographie g\u00e9n\u00e9alogique"}]},{"@type":"WebSite","@id":"https:\/\/www.geyer-genealogie.fr\/#website","url":"https:\/\/www.geyer-genealogie.fr\/","name":"Geyer G\u00e9n\u00e9alogie","description":"G\u00e9n\u00e9alogie en Alsace-Lorraine et en France","potentialAction":[{"@type":"SearchAction","target":{"@type":"EntryPoint","urlTemplate":"https:\/\/www.geyer-genealogie.fr\/?s={search_term_string}"},"query-input":"required name=search_term_string"}],"inLanguage":"fr-FR"}]}},"_links":{"self":[{"href":"https:\/\/www.geyer-genealogie.fr\/index.php\/wp-json\/wp\/v2\/pages\/147","targetHints":{"allow":["GET"]}}],"collection":[{"href":"https:\/\/www.geyer-genealogie.fr\/index.php\/wp-json\/wp\/v2\/pages"}],"about":[{"href":"https:\/\/www.geyer-genealogie.fr\/index.php\/wp-json\/wp\/v2\/types\/page"}],"author":[{"embeddable":true,"href":"https:\/\/www.geyer-genealogie.fr\/index.php\/wp-json\/wp\/v2\/users\/1"}],"replies":[{"embeddable":true,"href":"https:\/\/www.geyer-genealogie.fr\/index.php\/wp-json\/wp\/v2\/comments?post=147"}],"version-history":[{"count":8,"href":"https:\/\/www.geyer-genealogie.fr\/index.php\/wp-json\/wp\/v2\/pages\/147\/revisions"}],"predecessor-version":[{"id":584,"href":"https:\/\/www.geyer-genealogie.fr\/index.php\/wp-json\/wp\/v2\/pages\/147\/revisions\/584"}],"wp:attachment":[{"href":"https:\/\/www.geyer-genealogie.fr\/index.php\/wp-json\/wp\/v2\/media?parent=147"}],"curies":[{"name":"wp","href":"https:\/\/api.w.org\/{rel}","templated":true}]}}