{"id":15,"date":"2023-09-04T16:47:24","date_gmt":"2023-09-04T14:47:24","guid":{"rendered":"http:\/\/www.geyer-genealogie.fr\/?page_id=15"},"modified":"2023-12-13T11:58:38","modified_gmt":"2023-12-13T10:58:38","slug":"accueil","status":"publish","type":"page","link":"https:\/\/www.geyer-genealogie.fr\/","title":{"rendered":"Accueil"},"content":{"rendered":"\n<p class=\"wp-block-kenta-blocks-paragraph kb-paragraph kb-paragraph-551ec91c\">Qui \u00e9taient les hommes et les femmes qui nous ont pr\u00e9c\u00e9d\u00e9s ? O\u00f9 et comment vivaient-ils, travaillaient-ils ? De quelle mani\u00e8re les grands \u00e9v\u00e8nements de l\u2019Histoire, tels que les guerres, les catastrophes naturelles ou les \u00e9pid\u00e9mies, ont-ils impact\u00e9 leur existence ?<br> <br>Voici quelques-unes des nombreuses questions auxquelles nous vous proposons de trouver des r\u00e9ponses, en r\u00e9alisant votre g\u00e9n\u00e9alogie, en r\u00e9digeant la biographie d\u2019un anc\u00eatre, en \u00e9crivant l\u2019histoire de votre famille ou d\u2019une propri\u00e9t\u00e9.<\/p>\n\n\n\n<h2 class=\"wp-block-heading has-text-align-center\">Nos services<\/h2>\n\n\n\n<div class=\"wp-block-kenta-blocks-section kb-section-5c89e09d kb-section\">\n<div class=\"wp-block-kenta-blocks-column kb-column-wrapper kb-column-wrapper-f138db20\"><div class=\"kb-column kb-column-f138db20\"><div class=\"kb-column-content\">\n<div class=\"wp-block-kenta-blocks-stack kb-stack-bf2eb816 kb-stack\"><div class=\"kb-stack-inner-container\">\n<div class=\"wp-block-kenta-blocks-paragraph kb-paragraph kb-paragraph-96e92c85\"><p class=\"\"><strong><mark style=\"background-color:rgba(0, 0, 0, 0)\" class=\"has-inline-color has-kenta-base-color\">Cr\u00e9er votre arbre g\u00e9n\u00e9alogique<\/mark><\/strong><\/p><\/div>\n\n\n\n<figure class=\"wp-block-kenta-blocks-image kb-image kb-image-c458f097\"><img decoding=\"async\" src=\"https:\/\/www.geyer-genealogie.fr\/wp-content\/uploads\/2023\/10\/exemple-arbre-ascendant-4G.jpg\" alt=\"\"\/><\/figure>\n\n\n\n<div class=\"wp-block-kenta-blocks-buttons kb-buttons kb-buttons-475ce7e4\">\n<div class=\"kb-button-wrapper kb-button-wrapper-8624616e\"><a class=\"wp-block-kenta-blocks-button kb-button kb-button-8624616e kb-button-left\" href=\"https:\/\/www.geyer-genealogie.fr\/index.php\/creer-votre-arbre-genealogique\/\"><span>En savoir plus&#8230;..<\/span><\/a><\/div>\n<\/div>\n\n\n\n<div class=\"wp-block-kenta-blocks-paragraph kb-paragraph kb-paragraph-2a558862\"><p class=\"\"><\/p><\/div>\n\n\n\n<div class=\"wp-block-buttons is-layout-flex wp-block-buttons-is-layout-flex\"><\/div>\n<\/div><\/div>\n<\/div><\/div><\/div>\n\n\n\n<div class=\"wp-block-kenta-blocks-column kb-column-wrapper kb-column-wrapper-a38537c8\"><div class=\"kb-column kb-column-a38537c8\"><div class=\"kb-column-content\">\n<div class=\"wp-block-kenta-blocks-stack kb-stack-34f86478 kb-stack\"><div class=\"kb-stack-inner-container\">\n<div class=\"wp-block-kenta-blocks-paragraph kb-paragraph kb-paragraph-da44a647\"><p class=\"\"><strong><mark style=\"background-color:rgba(0, 0, 0, 0)\" class=\"has-inline-color has-kenta-base-color\">Faire parler un texte ancien<\/mark><\/strong><\/p><\/div>\n\n\n\n<figure class=\"wp-block-kenta-blocks-image kb-image kb-image-1953c680\"><img decoding=\"async\" src=\"https:\/\/www.geyer-genealogie.fr\/wp-content\/uploads\/2023\/10\/exemple-texte-ancien.jpg\" alt=\"\"\/><\/figure>\n\n\n\n<div class=\"wp-block-kenta-blocks-buttons kb-buttons kb-buttons-a1af9699\">\n<div class=\"kb-button-wrapper kb-button-wrapper-0a921ff8\"><a class=\"wp-block-kenta-blocks-button kb-button kb-button-0a921ff8 kb-button-left\" href=\"https:\/\/www.geyer-genealogie.fr\/index.php\/faire-parler-un-texte-ancien\/\"><span>En savoir plus&#8230;.<\/span><\/a><\/div>\n<\/div>\n\n\n\n<div class=\"wp-block-kenta-blocks-paragraph kb-paragraph kb-paragraph-ee9984a4\"><p class=\"\"><\/p><\/div>\n<\/div><\/div>\n<\/div><\/div><\/div>\n<\/div>\n\n\n\n<div class=\"wp-block-kenta-blocks-section kb-section-1fc10c57 kb-section\">\n<div class=\"wp-block-kenta-blocks-column kb-column-wrapper kb-column-wrapper-ce408ff2\"><div class=\"kb-column kb-column-ce408ff2\"><div class=\"kb-column-content\">\n<div class=\"wp-block-kenta-blocks-stack kb-stack-586a8482 kb-stack\"><div class=\"kb-stack-inner-container\">\n<div class=\"wp-block-kenta-blocks-paragraph kb-paragraph kb-paragraph-707d7f1d\"><p class=\"\"><strong><strong><mark style=\"background-color:rgba(0, 0, 0, 0)\" class=\"has-inline-color has-kenta-base-color\">R\u00e9diger l\u2019histoire d\u2019un anc\u00eatre ou d\u2019une famille<\/mark><\/strong><\/strong><\/p><\/div>\n\n\n\n<figure class=\"wp-block-kenta-blocks-image kb-image kb-image-d7817aba\"><img decoding=\"async\" src=\"https:\/\/www.geyer-genealogie.fr\/wp-content\/uploads\/2023\/10\/multigenerational-men-watching-album.jpg\" alt=\"\"\/><\/figure>\n\n\n\n<div class=\"wp-block-kenta-blocks-buttons kb-buttons kb-buttons-2382bade\">\n<div class=\"kb-button-wrapper kb-button-wrapper-bb34e30b\"><a class=\"wp-block-kenta-blocks-button kb-button kb-button-bb34e30b kb-button-left\" href=\"https:\/\/www.geyer-genealogie.fr\/index.php\/rediger-lhistoire-dun-ancetre-ou-dune-famille\/\"><span>En savoir plus&#8230;..<\/span><\/a><\/div>\n<\/div>\n\n\n\n<div class=\"wp-block-kenta-blocks-paragraph kb-paragraph kb-paragraph-5358752f\"><p class=\"\"><\/p><\/div>\n\n\n\n<div class=\"wp-block-buttons is-layout-flex wp-block-buttons-is-layout-flex\"><\/div>\n<\/div><\/div>\n<\/div><\/div><\/div>\n\n\n\n<div class=\"wp-block-kenta-blocks-column kb-column-wrapper kb-column-wrapper-1c31dbc9\"><div class=\"kb-column kb-column-1c31dbc9\"><div class=\"kb-column-content\">\n<div class=\"wp-block-kenta-blocks-stack kb-stack-60cca62c kb-stack\"><div class=\"kb-stack-inner-container\">\n<div class=\"wp-block-kenta-blocks-paragraph kb-paragraph kb-paragraph-1f84bbc5\"><p class=\"\"><strong><strong><mark style=\"background-color:rgba(0, 0, 0, 0)\" class=\"has-inline-color has-kenta-base-color\">\u00c9crire l\u2019histoire d\u2019une propri\u00e9t\u00e9<\/mark><\/strong><\/strong><\/p><\/div>\n\n\n\n<figure class=\"wp-block-kenta-blocks-image kb-image kb-image-0a59ca79\"><img decoding=\"async\" src=\"https:\/\/www.geyer-genealogie.fr\/wp-content\/uploads\/2023\/10\/P1330617-Xsmall.jpg\" alt=\"\"\/><\/figure>\n\n\n\n<div class=\"wp-block-kenta-blocks-buttons kb-buttons kb-buttons-7e661750\">\n<div class=\"kb-button-wrapper kb-button-wrapper-20be76d9\"><a class=\"wp-block-kenta-blocks-button kb-button kb-button-20be76d9 kb-button-left\" href=\"https:\/\/www.geyer-genealogie.fr\/index.php\/ecrire-lhistoire-dune-maison-dune-ferme-dun-monument\/\"><span>En savoir plus&#8230;.<\/span><\/a><\/div>\n<\/div>\n\n\n\n<div class=\"wp-block-kenta-blocks-paragraph kb-paragraph kb-paragraph-12ee0ed0\"><p class=\"\"><\/p><\/div>\n<\/div><\/div>\n<\/div><\/div><\/div>\n<\/div>\n\n\n\n<div class=\"wp-block-kenta-blocks-section kb-section-473dbfeb kb-section\">\n<div class=\"wp-block-kenta-blocks-column kb-column-wrapper kb-column-wrapper-c1b968f0\"><div class=\"kb-column kb-column-c1b968f0\"><div class=\"kb-column-content\">\n<div class=\"wp-block-kenta-blocks-stack kb-stack-8be32416 kb-stack\"><div class=\"kb-stack-inner-container\">\n<div class=\"wp-block-kenta-blocks-paragraph kb-paragraph kb-paragraph-cdd18be6\"><p class=\"\"><strong><strong><strong><mark style=\"background-color:rgba(0, 0, 0, 0)\" class=\"has-inline-color has-kenta-base-color\">R\u00e9aliser une cartographie g\u00e9n\u00e9alogique<\/mark><\/strong><\/strong><\/strong><\/p><\/div>\n\n\n\n<figure class=\"wp-block-kenta-blocks-image kb-image kb-image-18043725\"><img decoding=\"async\" src=\"https:\/\/www.geyer-genealogie.fr\/wp-content\/uploads\/2023\/10\/exemple-carte-genealogique.jpg\" alt=\"\"\/><\/figure>\n\n\n\n<div class=\"wp-block-kenta-blocks-buttons kb-buttons kb-buttons-ae4ccb1e\">\n<div class=\"kb-button-wrapper kb-button-wrapper-1df2bc58\"><a class=\"wp-block-kenta-blocks-button kb-button kb-button-1df2bc58 kb-button-left\" href=\"https:\/\/www.geyer-genealogie.fr\/index.php\/realiser-une-cartographie-genealogique\/\"><span>En savoir plus&#8230;..<\/span><\/a><\/div>\n<\/div>\n\n\n\n<div class=\"wp-block-kenta-blocks-paragraph kb-paragraph kb-paragraph-1f3b3a1f\"><p class=\"\"><\/p><\/div>\n\n\n\n<div class=\"wp-block-buttons is-layout-flex wp-block-buttons-is-layout-flex\"><\/div>\n<\/div><\/div>\n<\/div><\/div><\/div>\n\n\n\n<div class=\"wp-block-kenta-blocks-column kb-column-wrapper kb-column-wrapper-e3d29327\"><div class=\"kb-column kb-column-e3d29327\"><div class=\"kb-column-content\">\n<div class=\"wp-block-kenta-blocks-stack kb-stack-e5ac8473 kb-stack\"><div class=\"kb-stack-inner-container\">\n<div class=\"wp-block-kenta-blocks-paragraph kb-paragraph kb-paragraph-d8b0ace8\"><p class=\"\"><strong><strong><mark style=\"background-color:rgba(0, 0, 0, 0)\" class=\"has-inline-color has-kenta-base-color\">Rechercher des h\u00e9ritiers (g\u00e9n\u00e9alogie successorale)<\/mark><mark style=\"background-color:rgba(0, 0, 0, 0)\" class=\"has-inline-color has-kenta-primary-active-color\"><\/mark><\/strong><\/strong><\/p><\/div>\n\n\n\n<figure class=\"wp-block-kenta-blocks-image kb-image kb-image-ec747781\"><img decoding=\"async\" src=\"https:\/\/www.geyer-genealogie.fr\/wp-content\/uploads\/2023\/10\/exemple-arbre-succession.jpg\" alt=\"\"\/><\/figure>\n\n\n\n<div class=\"wp-block-kenta-blocks-buttons kb-buttons kb-buttons-a92c4d2f\">\n<div class=\"kb-button-wrapper kb-button-wrapper-113aaad0\"><a class=\"wp-block-kenta-blocks-button kb-button kb-button-113aaad0 kb-button-left\" href=\"https:\/\/www.geyer-genealogie.fr\/index.php\/rechercher-des-heritiers\/\"><span>En savoir plus&#8230;.<\/span><\/a><\/div>\n<\/div>\n\n\n\n<div class=\"wp-block-kenta-blocks-paragraph kb-paragraph kb-paragraph-c1daff30\"><p class=\"\"><\/p><\/div>\n<\/div><\/div>\n<\/div><\/div><\/div>\n<\/div>\n\n\n\n<h2 class=\"wp-block-heading\">Nos atouts<\/h2>\n\n\n\n<div class=\"wp-block-kenta-blocks-section kb-section-dc1d93ef kb-section\">\n<div class=\"wp-block-kenta-blocks-column kb-column-wrapper kb-column-wrapper-0c1a0f4b\"><div class=\"kb-column kb-column-0c1a0f4b\"><div class=\"kb-column-content\">\n<figure class=\"wp-block-kenta-blocks-image kb-image kb-image-0b7bf323\"><img decoding=\"async\" src=\"https:\/\/www.geyer-genealogie.fr\/wp-content\/uploads\/2023\/10\/icon-heart.png\" alt=\"\"\/><\/figure>\n<\/div><\/div><\/div>\n\n\n\n<div class=\"wp-block-kenta-blocks-column kb-column-wrapper kb-column-wrapper-e1f5d213\"><div class=\"kb-column kb-column-e1f5d213\"><div class=\"kb-column-content\">\n<p class=\"has-text-align-center has-medium-font-size\"><strong><em>La Passion de la g\u00e9n\u00e9alogie <\/em><\/strong><br><strong><em>et de l\u2019histoire familiale<\/em><\/strong><\/p>\n<\/div><\/div><\/div>\n\n\n\n<div class=\"wp-block-kenta-blocks-column kb-column-wrapper kb-column-wrapper-fd13944d\"><div class=\"kb-column kb-column-fd13944d\"><div class=\"kb-column-content\">\n<figure class=\"wp-block-kenta-blocks-image kb-image kb-image-fb40e7a5\"><img decoding=\"async\" src=\"https:\/\/www.geyer-genealogie.fr\/wp-content\/uploads\/2023\/10\/icon-briefcase.png\" alt=\"\"\/><\/figure>\n<\/div><\/div><\/div>\n\n\n\n<div class=\"wp-block-kenta-blocks-column kb-column-wrapper kb-column-wrapper-638a4f00\"><div class=\"kb-column kb-column-638a4f00\"><div class=\"kb-column-content\">\n<p class=\"has-text-align-center has-medium-font-size\"><em><strong><strong>20 ans d\u2019exp\u00e9rience en g\u00e9n\u00e9alogie <\/strong><\/strong><br><strong><strong>et une excellente ma\u00eetrise <\/strong><\/strong><\/em><br><em><strong><strong>des archives disponibles<\/strong><\/strong><\/em><\/p>\n<\/div><\/div><\/div>\n<\/div>\n\n\n\n<div class=\"wp-block-kenta-blocks-section kb-section-3faf95b1 kb-section\">\n<div class=\"wp-block-kenta-blocks-column kb-column-wrapper kb-column-wrapper-d1db97b1\"><div class=\"kb-column kb-column-d1db97b1\"><div class=\"kb-column-content\">\n<figure class=\"wp-block-kenta-blocks-image kb-image kb-image-ac4a6d4a\"><img decoding=\"async\" src=\"https:\/\/www.geyer-genealogie.fr\/wp-content\/uploads\/2023\/10\/icon-book-black-cover-closed.png\" alt=\"\"\/><\/figure>\n<\/div><\/div><\/div>\n\n\n\n<div class=\"wp-block-kenta-blocks-column kb-column-wrapper kb-column-wrapper-84b8c6b8\"><div class=\"kb-column kb-column-84b8c6b8\"><div class=\"kb-column-content\">\n<p class=\"has-text-align-center has-medium-font-size\"><strong><em>Connaissance approfondie de <\/em><\/strong><br><strong><em>l\u2019histoire r\u00e9gionale (Alsace-Lorraine)<\/em><\/strong><\/p>\n<\/div><\/div><\/div>\n\n\n\n<div class=\"wp-block-kenta-blocks-column kb-column-wrapper kb-column-wrapper-1f041347\"><div class=\"kb-column kb-column-1f041347\"><div class=\"kb-column-content\">\n<figure class=\"wp-block-kenta-blocks-image kb-image kb-image-0a8cc898\"><img decoding=\"async\" src=\"https:\/\/www.geyer-genealogie.fr\/wp-content\/uploads\/2023\/10\/icon-diploma.png\" alt=\"\"\/><\/figure>\n<\/div><\/div><\/div>\n\n\n\n<div class=\"wp-block-kenta-blocks-column kb-column-wrapper kb-column-wrapper-a7370dd0\"><div class=\"kb-column kb-column-a7370dd0\"><div class=\"kb-column-content\">\n<p class=\"has-text-align-center has-medium-font-size\"><strong><em>Dipl\u00f4me Universitaire<br>\u00ab\u00a0Histoire et G\u00e9n\u00e9alogie Familiale\u00a0\u00bb, <\/em><\/strong><br><strong><em>Le Mans Universit\u00e9, mention tr\u00e8s bien<\/em><\/strong><\/p>\n<\/div><\/div><\/div>\n<\/div>\n\n\n\n<div class=\"wp-block-kenta-blocks-section kb-section-e870856f kb-section\">\n<div class=\"wp-block-kenta-blocks-column kb-column-wrapper kb-column-wrapper-262f15b8\"><div class=\"kb-column kb-column-262f15b8\"><div class=\"kb-column-content\">\n<figure class=\"wp-block-kenta-blocks-image kb-image kb-image-548c1cfe\"><img decoding=\"async\" src=\"https:\/\/www.geyer-genealogie.fr\/wp-content\/uploads\/2023\/10\/icon-rating_5_stars.png\" alt=\"\"\/><\/figure>\n<\/div><\/div><\/div>\n\n\n\n<div class=\"wp-block-kenta-blocks-column kb-column-wrapper kb-column-wrapper-b103426e\"><div class=\"kb-column kb-column-b103426e\"><div class=\"kb-column-content\">\n<p class=\"has-text-align-center has-medium-font-size\"><strong><em>G\u00e9n\u00e9alogiste prof<strong>essionnel membre du SYGENE et de G\u00e9n\u00e9alogistes de France<\/strong><\/em><\/strong><\/p>\n<\/div><\/div><\/div>\n\n\n\n<div class=\"wp-block-kenta-blocks-column kb-column-wrapper kb-column-wrapper-865f886e\"><div class=\"kb-column kb-column-865f886e\"><div class=\"kb-column-content\">\n<figure class=\"wp-block-kenta-blocks-image kb-image kb-image-3238e3b0\"><img decoding=\"async\" src=\"https:\/\/www.geyer-genealogie.fr\/wp-content\/uploads\/2023\/10\/icon-calculator.png\" alt=\"\"\/><\/figure>\n<\/div><\/div><\/div>\n\n\n\n<div class=\"wp-block-kenta-blocks-column kb-column-wrapper kb-column-wrapper-6caf2238\"><div class=\"kb-column kb-column-6caf2238\"><div class=\"kb-column-content\">\n<p class=\"has-text-align-center has-medium-font-size\"><em><strong>Recherches au forfait ou sur\u2011mesure <\/strong><br><strong>en fonction des attentes et du budget<\/strong><\/em><\/p>\n<\/div><\/div><\/div>\n<\/div>\n","protected":false},"excerpt":{"rendered":"<p>Nos services Nos atouts<\/p>\n","protected":false},"author":2,"featured_media":0,"parent":0,"menu_order":0,"comment_status":"closed","ping_status":"closed","template":"","meta":{"site-container-style":"default","site-container-layout":"default","site-sidebar-layout":"default","site-transparent-header":"default","disable-article-header":"default","disable-site-header":"default","disable-site-footer":"default","disable-content-area-spacing":"default","footnotes":""},"class_list":["post-15","page","type-page","status-publish","hentry"],"yoast_head":"<!-- This site is optimized with the Yoast SEO plugin v22.0 - https:\/\/yoast.com\/wordpress\/plugins\/seo\/ -->\n<title>Accueil - Geyer G\u00e9n\u00e9alogie<\/title>\n<meta name=\"robots\" content=\"index, follow, max-snippet:-1, max-image-preview:large, max-video-preview:-1\" \/>\n<link rel=\"canonical\" href=\"https:\/\/www.geyer-genealogie.fr\/\" \/>\n<meta property=\"og:locale\" content=\"fr_FR\" \/>\n<meta property=\"og:type\" content=\"article\" \/>\n<meta property=\"og:title\" content=\"Accueil - Geyer G\u00e9n\u00e9alogie\" \/>\n<meta property=\"og:description\" content=\"Nos services Nos atouts\" \/>\n<meta property=\"og:url\" content=\"https:\/\/www.geyer-genealogie.fr\/\" \/>\n<meta property=\"og:site_name\" content=\"Geyer G\u00e9n\u00e9alogie\" \/>\n<meta property=\"article:publisher\" content=\"https:\/\/www.facebook.com\/profile.php?id=100093335324063\" \/>\n<meta property=\"article:modified_time\" content=\"2023-12-13T10:58:38+00:00\" \/>\n<meta property=\"og:image\" content=\"https:\/\/www.geyer-genealogie.fr\/wp-content\/uploads\/2023\/10\/exemple-arbre-ascendant-4G.jpg\" \/>\n<meta name=\"twitter:card\" content=\"summary_large_image\" \/>\n<meta name=\"twitter:label1\" content=\"Dur\u00e9e de lecture estim\u00e9e\" \/>\n\t<meta name=\"twitter:data1\" content=\"4 minutes\" \/>\n<script type=\"application\/ld+json\" class=\"yoast-schema-graph\">{\"@context\":\"https:\/\/schema.org\",\"@graph\":[{\"@type\":\"WebPage\",\"@id\":\"https:\/\/www.geyer-genealogie.fr\/\",\"url\":\"https:\/\/www.geyer-genealogie.fr\/\",\"name\":\"Accueil - Geyer G\u00e9n\u00e9alogie\",\"isPartOf\":{\"@id\":\"https:\/\/www.geyer-genealogie.fr\/#website\"},\"datePublished\":\"2023-09-04T14:47:24+00:00\",\"dateModified\":\"2023-12-13T10:58:38+00:00\",\"breadcrumb\":{\"@id\":\"https:\/\/www.geyer-genealogie.fr\/#breadcrumb\"},\"inLanguage\":\"fr-FR\",\"potentialAction\":[{\"@type\":\"ReadAction\",\"target\":[\"https:\/\/www.geyer-genealogie.fr\/\"]}]},{\"@type\":\"BreadcrumbList\",\"@id\":\"https:\/\/www.geyer-genealogie.fr\/#breadcrumb\",\"itemListElement\":[{\"@type\":\"ListItem\",\"position\":1,\"name\":\"Accueil\",\"item\":\"https:\/\/www.geyer-genealogie.fr\/\"},{\"@type\":\"ListItem\",\"position\":2,\"name\":\"Accueil\"}]},{\"@type\":\"WebSite\",\"@id\":\"https:\/\/www.geyer-genealogie.fr\/#website\",\"url\":\"https:\/\/www.geyer-genealogie.fr\/\",\"name\":\"Geyer G\u00e9n\u00e9alogie\",\"description\":\"G\u00e9n\u00e9alogie en Alsace-Lorraine et en France\",\"potentialAction\":[{\"@type\":\"SearchAction\",\"target\":{\"@type\":\"EntryPoint\",\"urlTemplate\":\"https:\/\/www.geyer-genealogie.fr\/?s={search_term_string}\"},\"query-input\":\"required name=search_term_string\"}],\"inLanguage\":\"fr-FR\"}]}<\/script>\n<!-- \/ Yoast SEO plugin. -->","yoast_head_json":{"title":"Accueil - Geyer G\u00e9n\u00e9alogie","robots":{"index":"index","follow":"follow","max-snippet":"max-snippet:-1","max-image-preview":"max-image-preview:large","max-video-preview":"max-video-preview:-1"},"canonical":"https:\/\/www.geyer-genealogie.fr\/","og_locale":"fr_FR","og_type":"article","og_title":"Accueil - Geyer G\u00e9n\u00e9alogie","og_description":"Nos services Nos atouts","og_url":"https:\/\/www.geyer-genealogie.fr\/","og_site_name":"Geyer G\u00e9n\u00e9alogie","article_publisher":"https:\/\/www.facebook.com\/profile.php?id=100093335324063","article_modified_time":"2023-12-13T10:58:38+00:00","og_image":[{"url":"https:\/\/www.geyer-genealogie.fr\/wp-content\/uploads\/2023\/10\/exemple-arbre-ascendant-4G.jpg"}],"twitter_card":"summary_large_image","twitter_misc":{"Dur\u00e9e de lecture estim\u00e9e":"4 minutes"},"schema":{"@context":"https:\/\/schema.org","@graph":[{"@type":"WebPage","@id":"https:\/\/www.geyer-genealogie.fr\/","url":"https:\/\/www.geyer-genealogie.fr\/","name":"Accueil - Geyer G\u00e9n\u00e9alogie","isPartOf":{"@id":"https:\/\/www.geyer-genealogie.fr\/#website"},"datePublished":"2023-09-04T14:47:24+00:00","dateModified":"2023-12-13T10:58:38+00:00","breadcrumb":{"@id":"https:\/\/www.geyer-genealogie.fr\/#breadcrumb"},"inLanguage":"fr-FR","potentialAction":[{"@type":"ReadAction","target":["https:\/\/www.geyer-genealogie.fr\/"]}]},{"@type":"BreadcrumbList","@id":"https:\/\/www.geyer-genealogie.fr\/#breadcrumb","itemListElement":[{"@type":"ListItem","position":1,"name":"Accueil","item":"https:\/\/www.geyer-genealogie.fr\/"},{"@type":"ListItem","position":2,"name":"Accueil"}]},{"@type":"WebSite","@id":"https:\/\/www.geyer-genealogie.fr\/#website","url":"https:\/\/www.geyer-genealogie.fr\/","name":"Geyer G\u00e9n\u00e9alogie","description":"G\u00e9n\u00e9alogie en Alsace-Lorraine et en France","potentialAction":[{"@type":"SearchAction","target":{"@type":"EntryPoint","urlTemplate":"https:\/\/www.geyer-genealogie.fr\/?s={search_term_string}"},"query-input":"required name=search_term_string"}],"inLanguage":"fr-FR"}]}},"_links":{"self":[{"href":"https:\/\/www.geyer-genealogie.fr\/index.php\/wp-json\/wp\/v2\/pages\/15","targetHints":{"allow":["GET"]}}],"collection":[{"href":"https:\/\/www.geyer-genealogie.fr\/index.php\/wp-json\/wp\/v2\/pages"}],"about":[{"href":"https:\/\/www.geyer-genealogie.fr\/index.php\/wp-json\/wp\/v2\/types\/page"}],"author":[{"embeddable":true,"href":"https:\/\/www.geyer-genealogie.fr\/index.php\/wp-json\/wp\/v2\/users\/2"}],"replies":[{"embeddable":true,"href":"https:\/\/www.geyer-genealogie.fr\/index.php\/wp-json\/wp\/v2\/comments?post=15"}],"version-history":[{"count":90,"href":"https:\/\/www.geyer-genealogie.fr\/index.php\/wp-json\/wp\/v2\/pages\/15\/revisions"}],"predecessor-version":[{"id":572,"href":"https:\/\/www.geyer-genealogie.fr\/index.php\/wp-json\/wp\/v2\/pages\/15\/revisions\/572"}],"wp:attachment":[{"href":"https:\/\/www.geyer-genealogie.fr\/index.php\/wp-json\/wp\/v2\/media?parent=15"}],"curies":[{"name":"wp","href":"https:\/\/api.w.org\/{rel}","templated":true}]}}