{"id":68,"date":"2023-09-05T14:23:28","date_gmt":"2023-09-05T12:23:28","guid":{"rendered":"http:\/\/www.geyer-genealogie.fr\/?page_id=68"},"modified":"2024-10-14T11:42:44","modified_gmt":"2024-10-14T09:42:44","slug":"les-honoraires","status":"publish","type":"page","link":"https:\/\/www.geyer-genealogie.fr\/index.php\/les-honoraires\/","title":{"rendered":"Les honoraires"},"content":{"rendered":"\n<div class=\"wp-block-kenta-blocks-paragraph kb-paragraph kb-paragraph-13d8eca5\"><p class=\"\">Les honoraires sont d\u00e9finis en fonction des travaux \u00e0 effectuer. Le co\u00fbt de la r\u00e9alisation d&rsquo;un arbre d&rsquo;ascendance complet ou sur une lign\u00e9e patronyme est un forfait qui d\u00e9pend du nombre de g\u00e9n\u00e9rations. Les autres travaux sont factur\u00e9s au nombre d&rsquo;heures n\u00e9cessaires.<\/p><\/div>\n\n\n\n<h2 class=\"wp-block-heading\">Arbre ascendant complet en France<\/h2>\n\n\n\n<div class=\"wp-block-kenta-blocks-section kb-section-7b3495d9 kb-section\">\n<div class=\"wp-block-kenta-blocks-column kb-column-wrapper kb-column-wrapper-3cb49d5d\"><div class=\"kb-column kb-column-3cb49d5d\"><div class=\"kb-column-content\">\n<figure class=\"wp-block-kenta-blocks-image kb-image kb-image-da97cd0a\"><img decoding=\"async\" src=\"https:\/\/www.geyer-genealogie.fr\/wp-content\/uploads\/2023\/09\/icon-arbre-6G-2-1024x443.png\" alt=\"\"\/><\/figure>\n<\/div><\/div><\/div>\n\n\n\n<div class=\"wp-block-kenta-blocks-column kb-column-wrapper kb-column-wrapper-f5047dd8\"><div class=\"kb-column kb-column-f5047dd8\"><div class=\"kb-column-content\">\n<div class=\"wp-block-kenta-blocks-paragraph kb-paragraph kb-paragraph-045d6957\"><p class=\"\">  4 g\u00e9n\u00e9rations, soit 14 anc\u00eatres, 35 actes, 399 \u20ac<\/p><\/div>\n\n\n\n<div class=\"wp-block-kenta-blocks-paragraph kb-paragraph kb-paragraph-cf79324a\"><p class=\"\">  5 g\u00e9n\u00e9rations, soit 30 anc\u00eatres, 75 actes, 729 \u20ac<\/p><\/div>\n\n\n\n<div class=\"wp-block-kenta-blocks-paragraph kb-paragraph kb-paragraph-2681af1b\"><p class=\"\">  6 g\u00e9n\u00e9rations, soit 62 anc\u00eatres, 155 actes, 1 239 \u20ac<\/p><\/div>\n\n\n\n<div class=\"wp-block-kenta-blocks-paragraph kb-paragraph kb-paragraph-e5a69373\"><p class=\"\">  7 g\u00e9n\u00e9rations ou plus, soit 126 anc\u00eatres ou plus et 315 actes ou plus, sur devis.<\/p><\/div>\n<\/div><\/div><\/div>\n<\/div>\n\n\n\n<h2 class=\"wp-block-heading\">Lign\u00e9e d\u2019un patronyme en France<\/h2>\n\n\n\n<div class=\"wp-block-kenta-blocks-section kb-section-006437be kb-section\">\n<div class=\"wp-block-kenta-blocks-column kb-column-wrapper kb-column-wrapper-25ab054a\"><div class=\"kb-column kb-column-25ab054a\"><div class=\"kb-column-content\">\n<div class=\"wp-block-kenta-blocks-paragraph kb-paragraph kb-paragraph-d0fc6818\"><p class=\"\">4 g\u00e9n\u00e9rations, soit 6 anc\u00eatres, 15 actes : 199 \u20ac<\/p><\/div>\n\n\n\n<div class=\"wp-block-kenta-blocks-paragraph kb-paragraph kb-paragraph-0f1e88bd\"><p class=\"\">5 g\u00e9n\u00e9rations, soit 8 anc\u00eatres, 20 actes : 249 \u20ac<\/p><\/div>\n\n\n\n<div class=\"wp-block-kenta-blocks-paragraph kb-paragraph kb-paragraph-7cd90cce\"><p class=\"\">6 g\u00e9n\u00e9rations, soit 10 anc\u00eatres, 25 actes : 309 \u20ac<\/p><\/div>\n\n\n\n<div class=\"wp-block-kenta-blocks-paragraph kb-paragraph kb-paragraph-71312034\"><p class=\"\">7 g\u00e9n\u00e9rations ou plus, soit 12 anc\u00eatres ou plus, 30 actes ou plus : sur devis.<\/p><\/div>\n<\/div><\/div><\/div>\n\n\n\n<div class=\"wp-block-kenta-blocks-column kb-column-wrapper kb-column-wrapper-d9b1076d\"><div class=\"kb-column kb-column-d9b1076d\"><div class=\"kb-column-content\">\n<figure class=\"wp-block-kenta-blocks-image kb-image kb-image-c856f8a7\"><img decoding=\"async\" src=\"https:\/\/www.geyer-genealogie.fr\/wp-content\/uploads\/2023\/09\/icon-agnatik-6G-transparent-1.png\" alt=\"\"\/><\/figure>\n<\/div><\/div><\/div>\n<\/div>\n\n\n\n<h2 class=\"wp-block-heading\">Autres travaux<\/h2>\n\n\n\n<div class=\"wp-block-kenta-blocks-paragraph kb-paragraph kb-paragraph-0a121c6c\"><p class=\"\">Les travaux tels qu&rsquo;une g\u00e9n\u00e9alogie descendante, une histoire fonci\u00e8re, une cartographie, une biographie, sont factur\u00e9s \u00e0 l\u2019heure de la mani\u00e8re suivante&nbsp;:<\/p><\/div>\n\n\n\n<div class=\"wp-block-kenta-blocks-paragraph kb-paragraph kb-paragraph-9a6a9128\"><p class=\"\">Une heure\u00a0: 49 \u20ac<br>Une demi-journ\u00e9e\u00a0(4 heures)\u00a0: 175 \u20ac<br>Une journ\u00e9e\u00a0(8 heures)\u00a0: 375 \u20ac<\/p><\/div>\n\n\n\n<div class=\"wp-block-kenta-blocks-paragraph kb-paragraph kb-paragraph-ea32f026\"><p class=\"\">Apr\u00e8s acceptation du devis, en fonction des premiers r\u00e9sultats, l\u2019orientation des travaux peut \u00eatre modifi\u00e9e et le devis revu \u00e0 la hausse ou \u00e0 la baisse en fonction des choix effectu\u00e9s. Dans ce cas, la modification deviendra effective d\u00e8s la signature par les deux parties d\u2019un avenant.<br>Un acompte de 30% est \u00e0 verser \u00e0 la signature du devis pour accord.<br>Les tarifs indiqu\u00e9s sont TTC \u2013 la TVA est non applicable en vertu de l\u2019<a rel=\"noreferrer noopener\" href=\"http:\/\/www.legifrance.gouv.fr\/affichCodeArticle.do;jsessionid=6C445623BE2FFAA1E7514EFEABEBA1EA.tpdila23v_1?idArticle=LEGIARTI000030023960&amp;cidTexte=LEGITEXT000006069577&amp;categorieLien=id&amp;dateTexte=\" target=\"_blank\">Article 293B du Code g\u00e9n\u00e9ral des Imp\u00f4ts<\/a><\/p><\/div>\n","protected":false},"excerpt":{"rendered":"<p>Arbre ascendant complet en France Lign\u00e9e d\u2019un patronyme en France Autres travaux<\/p>\n","protected":false},"author":1,"featured_media":0,"parent":0,"menu_order":0,"comment_status":"closed","ping_status":"closed","template":"","meta":{"site-container-style":"default","site-container-layout":"default","site-sidebar-layout":"default","site-transparent-header":"default","disable-article-header":"default","disable-site-header":"default","disable-site-footer":"default","disable-content-area-spacing":"default","footnotes":""},"class_list":["post-68","page","type-page","status-publish","hentry"],"yoast_head":"<!-- This site is optimized with the Yoast SEO plugin v22.0 - https:\/\/yoast.com\/wordpress\/plugins\/seo\/ -->\n<title>Les honoraires - Geyer G\u00e9n\u00e9alogie<\/title>\n<meta name=\"robots\" content=\"index, follow, max-snippet:-1, max-image-preview:large, max-video-preview:-1\" \/>\n<link rel=\"canonical\" href=\"https:\/\/www.geyer-genealogie.fr\/index.php\/les-honoraires\/\" \/>\n<meta property=\"og:locale\" content=\"fr_FR\" \/>\n<meta property=\"og:type\" content=\"article\" \/>\n<meta property=\"og:title\" content=\"Les honoraires - Geyer G\u00e9n\u00e9alogie\" \/>\n<meta property=\"og:description\" content=\"Arbre ascendant complet en France Lign\u00e9e d\u2019un patronyme en France Autres travaux\" \/>\n<meta property=\"og:url\" content=\"https:\/\/www.geyer-genealogie.fr\/index.php\/les-honoraires\/\" \/>\n<meta property=\"og:site_name\" content=\"Geyer G\u00e9n\u00e9alogie\" \/>\n<meta property=\"article:publisher\" content=\"https:\/\/www.facebook.com\/profile.php?id=100093335324063\" \/>\n<meta property=\"article:modified_time\" content=\"2024-10-14T09:42:44+00:00\" \/>\n<meta property=\"og:image\" content=\"https:\/\/www.geyer-genealogie.fr\/wp-content\/uploads\/2023\/09\/icon-arbre-6G-2-1024x443.png\" \/>\n<meta name=\"twitter:card\" content=\"summary_large_image\" \/>\n<meta name=\"twitter:label1\" content=\"Dur\u00e9e de lecture estim\u00e9e\" \/>\n\t<meta name=\"twitter:data1\" content=\"2 minutes\" \/>\n<script type=\"application\/ld+json\" class=\"yoast-schema-graph\">{\"@context\":\"https:\/\/schema.org\",\"@graph\":[{\"@type\":\"WebPage\",\"@id\":\"https:\/\/www.geyer-genealogie.fr\/index.php\/les-honoraires\/\",\"url\":\"https:\/\/www.geyer-genealogie.fr\/index.php\/les-honoraires\/\",\"name\":\"Les honoraires - Geyer G\u00e9n\u00e9alogie\",\"isPartOf\":{\"@id\":\"https:\/\/www.geyer-genealogie.fr\/#website\"},\"datePublished\":\"2023-09-05T12:23:28+00:00\",\"dateModified\":\"2024-10-14T09:42:44+00:00\",\"breadcrumb\":{\"@id\":\"https:\/\/www.geyer-genealogie.fr\/index.php\/les-honoraires\/#breadcrumb\"},\"inLanguage\":\"fr-FR\",\"potentialAction\":[{\"@type\":\"ReadAction\",\"target\":[\"https:\/\/www.geyer-genealogie.fr\/index.php\/les-honoraires\/\"]}]},{\"@type\":\"BreadcrumbList\",\"@id\":\"https:\/\/www.geyer-genealogie.fr\/index.php\/les-honoraires\/#breadcrumb\",\"itemListElement\":[{\"@type\":\"ListItem\",\"position\":1,\"name\":\"Accueil\",\"item\":\"https:\/\/www.geyer-genealogie.fr\/\"},{\"@type\":\"ListItem\",\"position\":2,\"name\":\"Les honoraires\"}]},{\"@type\":\"WebSite\",\"@id\":\"https:\/\/www.geyer-genealogie.fr\/#website\",\"url\":\"https:\/\/www.geyer-genealogie.fr\/\",\"name\":\"Geyer G\u00e9n\u00e9alogie\",\"description\":\"G\u00e9n\u00e9alogie en Alsace-Lorraine et en France\",\"potentialAction\":[{\"@type\":\"SearchAction\",\"target\":{\"@type\":\"EntryPoint\",\"urlTemplate\":\"https:\/\/www.geyer-genealogie.fr\/?s={search_term_string}\"},\"query-input\":\"required name=search_term_string\"}],\"inLanguage\":\"fr-FR\"}]}<\/script>\n<!-- \/ Yoast SEO plugin. -->","yoast_head_json":{"title":"Les honoraires - Geyer G\u00e9n\u00e9alogie","robots":{"index":"index","follow":"follow","max-snippet":"max-snippet:-1","max-image-preview":"max-image-preview:large","max-video-preview":"max-video-preview:-1"},"canonical":"https:\/\/www.geyer-genealogie.fr\/index.php\/les-honoraires\/","og_locale":"fr_FR","og_type":"article","og_title":"Les honoraires - Geyer G\u00e9n\u00e9alogie","og_description":"Arbre ascendant complet en France Lign\u00e9e d\u2019un patronyme en France Autres travaux","og_url":"https:\/\/www.geyer-genealogie.fr\/index.php\/les-honoraires\/","og_site_name":"Geyer G\u00e9n\u00e9alogie","article_publisher":"https:\/\/www.facebook.com\/profile.php?id=100093335324063","article_modified_time":"2024-10-14T09:42:44+00:00","og_image":[{"url":"https:\/\/www.geyer-genealogie.fr\/wp-content\/uploads\/2023\/09\/icon-arbre-6G-2-1024x443.png"}],"twitter_card":"summary_large_image","twitter_misc":{"Dur\u00e9e de lecture estim\u00e9e":"2 minutes"},"schema":{"@context":"https:\/\/schema.org","@graph":[{"@type":"WebPage","@id":"https:\/\/www.geyer-genealogie.fr\/index.php\/les-honoraires\/","url":"https:\/\/www.geyer-genealogie.fr\/index.php\/les-honoraires\/","name":"Les honoraires - Geyer G\u00e9n\u00e9alogie","isPartOf":{"@id":"https:\/\/www.geyer-genealogie.fr\/#website"},"datePublished":"2023-09-05T12:23:28+00:00","dateModified":"2024-10-14T09:42:44+00:00","breadcrumb":{"@id":"https:\/\/www.geyer-genealogie.fr\/index.php\/les-honoraires\/#breadcrumb"},"inLanguage":"fr-FR","potentialAction":[{"@type":"ReadAction","target":["https:\/\/www.geyer-genealogie.fr\/index.php\/les-honoraires\/"]}]},{"@type":"BreadcrumbList","@id":"https:\/\/www.geyer-genealogie.fr\/index.php\/les-honoraires\/#breadcrumb","itemListElement":[{"@type":"ListItem","position":1,"name":"Accueil","item":"https:\/\/www.geyer-genealogie.fr\/"},{"@type":"ListItem","position":2,"name":"Les honoraires"}]},{"@type":"WebSite","@id":"https:\/\/www.geyer-genealogie.fr\/#website","url":"https:\/\/www.geyer-genealogie.fr\/","name":"Geyer G\u00e9n\u00e9alogie","description":"G\u00e9n\u00e9alogie en Alsace-Lorraine et en France","potentialAction":[{"@type":"SearchAction","target":{"@type":"EntryPoint","urlTemplate":"https:\/\/www.geyer-genealogie.fr\/?s={search_term_string}"},"query-input":"required name=search_term_string"}],"inLanguage":"fr-FR"}]}},"_links":{"self":[{"href":"https:\/\/www.geyer-genealogie.fr\/index.php\/wp-json\/wp\/v2\/pages\/68","targetHints":{"allow":["GET"]}}],"collection":[{"href":"https:\/\/www.geyer-genealogie.fr\/index.php\/wp-json\/wp\/v2\/pages"}],"about":[{"href":"https:\/\/www.geyer-genealogie.fr\/index.php\/wp-json\/wp\/v2\/types\/page"}],"author":[{"embeddable":true,"href":"https:\/\/www.geyer-genealogie.fr\/index.php\/wp-json\/wp\/v2\/users\/1"}],"replies":[{"embeddable":true,"href":"https:\/\/www.geyer-genealogie.fr\/index.php\/wp-json\/wp\/v2\/comments?post=68"}],"version-history":[{"count":14,"href":"https:\/\/www.geyer-genealogie.fr\/index.php\/wp-json\/wp\/v2\/pages\/68\/revisions"}],"predecessor-version":[{"id":648,"href":"https:\/\/www.geyer-genealogie.fr\/index.php\/wp-json\/wp\/v2\/pages\/68\/revisions\/648"}],"wp:attachment":[{"href":"https:\/\/www.geyer-genealogie.fr\/index.php\/wp-json\/wp\/v2\/media?parent=68"}],"curies":[{"name":"wp","href":"https:\/\/api.w.org\/{rel}","templated":true}]}}